Let l(k) = k**3 - 2*k + 66. Let z be l(y). What is the highest common divisor of 22 and z?
22
Suppose 15*y - 117 = 48. Calculate the greatest common divisor of 352 and y.
11
Let q(o) = o**2 - 4*o - 2. Let x be q(5). Let v(y) = 68 - 5*y + x*y - 65 - 15*y. Let w be v(-3). Calculate the highest common factor of w and 18.
18
Let l(k) = 5*k - 4. Let s be l(5). Let u = -22557 - -22809. What is the greatest common divisor of u and s?
21
Suppose 14*s - 175 = -49. Calculate the greatest common factor of 21 and s.
3
Let i = 118 - 114. Suppose 4*k - 4*s = -2*s + 22, i*k + 4*s = 28. What is the highest common factor of k and 42?
6
Let j = -4 + 16. Suppose -3*t = -4*t + 7. Let g(p) = p - 4. Let a be g(t). What is the highest common factor of a and j?
3
Let m be (0 - 1)*(-2106 + 12 + -6). Calculate the greatest common factor of m and 100.
100
Let y(b) = -b + 3. Let a be y(4). Let u be (-18)/6 + 19 + a. Let p be 242/u - (-14)/(-105). Calculate the greatest common factor of 24 and p.
8
Let h = -203 - -385. What is the highest common divisor of h and 26?
26
Let v be -84*4/((-96)/(-90)). Let m be ((-10)/v*9)/((-1)/(-77)). Calculate the greatest common factor of m and 88.
22
Suppose 2*m - 3*b - 478 = 0, 3*b - 6 - 6 = 0. Calculate the highest common factor of 147 and m.
49
Let c = -903 + 988. Let u be (6/(-4))/((-1)/2). Suppose -u*d + 7*d = 68. Calculate the highest common factor of d and c.
17
Suppose 3*w - 49 = -31. Let a be (-2 - -1)/((w + -2)/(-168)). Calculate the greatest common divisor of a and 63.
21
Let l = 1720 - 1548. Calculate the greatest common factor of l and 258.
86
Suppose 3*n = -4*l + 37, 27*l - 28*l + 3*n + 28 = 0. What is the greatest common divisor of l and 1157?
13
Suppose -4*q = -4*m - 1392, 14*q - 9*q - 3*m = 1740. What is the greatest common divisor of q and 12?
12
Suppose -b - 5 = -13. Let w(m) = 7*m**3 + 2*m**2 - 1. Let s be w(1). What is the highest common factor of b and s?
8
Suppose -d = 3*d + 48. Let a be 42/(-4) - (-18)/d. Let r be (-46)/(-4) - a/(-8). Calculate the highest common divisor of r and 25.
5
Let l = 93 - 76. Calculate the highest common divisor of 833 and l.
17
Suppose 50*h - 633 = 2047 - 280. Suppose -5*i - 2 = -17. Calculate the greatest common divisor of h and i.
3
Let l(p) be the first derivative of -p**4/4 + 7*p**3/3 + 5*p**2/2 + 4*p - 15. Let c be l(6). What is the highest common divisor of 10 and c?
10
Let j(p) = 5*p**2 + 63 - 4*p**2 - 69. Let a be j(3). Let l be 2*(4 - a) - -130. Calculate the greatest common factor of 12 and l.
12
Let b = 1587 - 1584. Let p = 16 - -2. Calculate the greatest common divisor of p and b.
3
Let u be 50/(-4)*8/(-10). Let n = 43 + -33. What is the greatest common divisor of u and n?
10
Let s = 9 + -3. Let l = s - -6. Let c be 153/l - 6/8. Calculate the greatest common factor of 8 and c.
4
Let y be (-3)/(-9) - 2/(-3). Suppose 4*h + y + 0 = -g, -4*h - 16 = 0. Calculate the highest common factor of g and 165.
15
Let s = 2 + 1. Suppose j = -2*y + 15, -5*j - 4*y = -130 + 37. What is the greatest common factor of j and s?
3
Let u = 2732 - 2438. Calculate the greatest common divisor of 9 and u.
3
Suppose 19*d = 18*d + 4. Suppose 10 + 22 = d*v. What is the greatest common divisor of 72 and v?
8
Let u(a) = 7*a + 7*a - 10*a + 3*a**2 - 3 + 4. Let q be u(-5). What is the highest common divisor of q and 8?
8
Suppose -12 = -17*d + 14*d. Let c be (d/3)/(6/27). Let l(o) = -17*o**3 + o**2 + o + 1. Let f be l(-1). Calculate the highest common divisor of f and c.
6
Suppose -8*c + 9*c - l = 883, 5*l - 5265 = -6*c. Calculate the greatest common divisor of 11 and c.
11
Let z be -3 + (-4 - (-10)/4)*-10. Suppose -42 = -4*h - 3*h. What is the greatest common factor of z and h?
6
Let h(c) = -c**3 - 4*c**2 - 3*c - 8. Let d be h(-4). Let w be ((-2)/d)/(5/(-220)). Calculate the highest common factor of 154 and w.
22
Let s be ((-112)/70)/((-6)/105). What is the highest common divisor of 756 and s?
28
Suppose 0 = -4*y - 3*f - 73, 0 = -2*y + 3*y + f + 17. Let g = y - -37. Calculate the highest common factor of g and 135.
15
Suppose 5*f - 5*m - 790 = 0, -3*f - 13*m + 479 = -11*m. Calculate the greatest common divisor of 3 and f.
3
Suppose 0 = 4*o - 2*o - 12. Suppose 230 = 2*x + o. Calculate the greatest common factor of 14 and x.
14
Let k = 19 + -17. Suppose -2*j = k*j - 52. What is the greatest common factor of j and 13?
13
Let v be (8/(-2))/((-1)/20). Let m = v + 22. Let w = m - 54. What is the greatest common factor of w and 12?
12
Suppose 5*d = -30*d + 1855. Calculate the greatest common divisor of d and 477.
53
Let k(f) = f**2 - 2*f - 5. Let l be k(4). Suppose l*x = 466 - 100. Let r be (-5)/((-10)/x) - 1. Calculate the greatest common factor of 10 and r.
10
Let a(t) = 2*t**3 + 31*t**2 - 16*t + 10. Let x be a(-16). Suppose -x*n + 4*n + 120 = 0. What is the highest common divisor of n and 50?
10
Suppose 4*n - 4*x + 8 = 0, -n - 4*n - 4*x + 26 = 0. Suppose 2*w + 0*w - 2 = 0, n*p - 41 = w. Let c = -19 + 26. Calculate the greatest common factor of c and p.
7
Let k(o) = 4*o**2 + 28*o + 20. Let z be k(-12). What is the greatest common factor of 52 and z?
52
Let a be (-186)/(-18) + (-2)/6. Suppose a = 5*g - 5. What is the highest common divisor of g and 2?
1
Suppose 0 = 76*a - 77*a + 20. Suppose -89 - 31 = -3*x. Calculate the highest common divisor of a and x.
20
Let x = -183 - -237. Calculate the greatest common divisor of 720 and x.
18
Let u(k) = -4*k - 6. Let h be u(-5). Suppose 4*a - a = -y + 166, a = -2*y + 312. What is the greatest common factor of y and h?
14
Let h(q) = 65*q**2 - 2*q - 1. Let t be h(-1). Suppose -390 = -4*z - 3*i, -3*z + i = -i - 284. Let x = z - 90. Calculate the greatest common factor of t and x.
6
Let w be 5418/27 + 2/(-3). Suppose 0 = 3*c + 2*x - w - 3, 2*x + 199 = 3*c. Suppose 6*k - 445 + c = 0. Calculate the highest common factor of 9 and k.
9
Let j = -1392 + 1413. What is the highest common divisor of 3 and j?
3
Let t be (-3)/(-12) + 28/16. Let a(g) = 2*g + 3*g - t*g - 2 - 6. Let x be a(6). What is the highest common divisor of x and 90?
10
Let x = 21 + 29. Let k be 1/(2*5/80). Let s be 924/98 - k/(-14). What is the highest common divisor of x and s?
10
Let p = -65 + 105. Suppose -1370 + 1190 = -3*s. Calculate the highest common factor of p and s.
20
Let h = 2006 + -1170. Suppose -z = 2*o - 411, 159 = 5*o - 4*z - h. What is the highest common divisor of o and 29?
29
Let i(b) = -9*b - 2. Let h be i(1). Let y be 132/h*(-4)/3. Calculate the greatest common divisor of 40 and y.
8
Let f = -31 + 35. Suppose -o + 2*x - 104 = 4*o, 0 = -3*o + 4*x - 54. Let g be (-224)/o - (-10)/(-55). What is the greatest common factor of g and f?
2
Let u(a) = -139*a**3 - 2*a**2 + 1. Let g be u(-1). Calculate the greatest common divisor of 207 and g.
69
Suppose v = -3*g + 1395, -5*v - 4*g - g = -6925. What is the greatest common factor of 60 and v?
60
Let u(i) be the first derivative of i**3/3 + i**2/2 + 74*i - 4. Let d be u(0). Suppose d - 10 = 4*r. Calculate the highest common divisor of 176 and r.
16
Suppose -2*i - 2*q = -148, 5*q = 9 + 1. Suppose 27*l + i = 33*l. Suppose 181 + 143 = 3*w. What is the greatest common factor of w and l?
12
Let z be 3586/242 - (-4)/22. Let d = -15 + z. Suppose j - 208 = 3*b, 0 = 2*j - d*j - 3*b - 428. What is the greatest common factor of j and 44?
44
Let z be (0/6)/((-4)/2). Suppose 2*m + 11*m - 598 = z. Calculate the greatest common divisor of 322 and m.
46
Let y be (-48)/(-9) + 3*4/(-36). Let z be (2/(-2)*y)/(2/(-8)). What is the highest common divisor of z and 240?
20
Suppose 30 = 5*h + m - 2*m, 4*h + m - 33 = 0. Let s = -16 - -36. Suppose -s = -4*y - 3*t + t, 5*t + 6 = -2*y. What is the greatest common divisor of h and y?
7
Suppose -5*i + 5*t = -31 - 19, 0 = -2*i - 4*t + 8. Calculate the highest common divisor of i and 1016.
8
Let m(a) = 6*a - 27. Let w(c) = -2*c - 22. Let y be w(-14). Let b be m(y). Calculate the greatest common factor of b and 45.
9
Let u = 589 + -557. Calculate the highest common factor of u and 2080.
32
Suppose -518 - 710 = -4*s. Let d = -59 + s. Calculate the highest common divisor of d and 31.
31
Let k(w) = w. Let u(d) = 0*d + 6 - 3 + 3 - d. Let f be u(5). Let r be k(f). Calculate the greatest common divisor of 1 and r.
1
Suppose -33*h + 44800 = 37*h